{"version":"1.0","provider_name":"Les R\u00e9gisseurs Associ\u00e9s SA","provider_url":"https:\/\/www.regisseurs.ch\/en\/","author_name":"Julie Ballif","author_url":"https:\/\/www.regisseurs.ch\/en\/author\/jbregisseurs-ch\/","title":"Plusieurs d\u00e9pots au 4\u00e8me sous-sol situ\u00e9s dans la zone industrielle de Carouge | Les R\u00e9gisseurs Associ\u00e9s SA","type":"rich","width":600,"height":338,"html":"<blockquote class=\"wp-embedded-content\" data-secret=\"DNTTFqZeaW\"><a href=\"https:\/\/www.regisseurs.ch\/en\/property\/location-commerce-carouge-3344\/\">Plusieurs d\u00e9pots au 4\u00e8me sous-sol situ\u00e9s dans la zone industrielle de Carouge<\/a><\/blockquote><iframe sandbox=\"allow-scripts\" security=\"restricted\" src=\"https:\/\/www.regisseurs.ch\/en\/property\/location-commerce-carouge-3344\/embed\/#?secret=DNTTFqZeaW\" width=\"600\" height=\"338\" title=\"&#8220;Plusieurs d\u00e9pots au 4\u00e8me sous-sol situ\u00e9s dans la zone industrielle de Carouge&#8221; &#8212; Les R\u00e9gisseurs Associ\u00e9s SA\" data-secret=\"DNTTFqZeaW\" frameborder=\"0\" marginwidth=\"0\" marginheight=\"0\" scrolling=\"no\" class=\"wp-embedded-content\"><\/iframe><script type=\"text\/javascript\">\n\/* <![CDATA[ *\/\n\/*! This file is auto-generated *\/\n!function(d,l){\"use strict\";l.querySelector&&d.addEventListener&&\"undefined\"!=typeof URL&&(d.wp=d.wp||{},d.wp.receiveEmbedMessage||(d.wp.receiveEmbedMessage=function(e){var t=e.data;if((t||t.secret||t.message||t.value)&&!\/[^a-zA-Z0-9]\/.test(t.secret)){for(var s,r,n,a=l.querySelectorAll('iframe[data-secret=\"'+t.secret+'\"]'),o=l.querySelectorAll('blockquote[data-secret=\"'+t.secret+'\"]'),c=new RegExp(\"^https?:$\",\"i\"),i=0;i<o.length;i++)o[i].style.display=\"none\";for(i=0;i<a.length;i++)s=a[i],e.source===s.contentWindow&&(s.removeAttribute(\"style\"),\"height\"===t.message?(1e3<(r=parseInt(t.value,10))?r=1e3:~~r<200&&(r=200),s.height=r):\"link\"===t.message&&(r=new URL(s.getAttribute(\"src\")),n=new URL(t.value),c.test(n.protocol))&&n.host===r.host&&l.activeElement===s&&(d.top.location.href=t.value))}},d.addEventListener(\"message\",d.wp.receiveEmbedMessage,!1),l.addEventListener(\"DOMContentLoaded\",function(){for(var e,t,s=l.querySelectorAll(\"iframe.wp-embedded-content\"),r=0;r<s.length;r++)(t=(e=s[r]).getAttribute(\"data-secret\"))||(t=Math.random().toString(36).substring(2,12),e.src+=\"#?secret=\"+t,e.setAttribute(\"data-secret\",t)),e.contentWindow.postMessage({message:\"ready\",secret:t},\"*\")},!1)))}(window,document);\n\/\/# sourceURL=https:\/\/www.regisseurs.ch\/wp-includes\/js\/wp-embed.min.js\n\/* ]]> *\/\n<\/script>\n","thumbnail_url":"https:\/\/www.regisseurs.ch\/wp-content\/uploads\/2026\/04\/003344_000000_01-768x576.jpg","thumbnail_width":600,"thumbnail_height":450,"description":"Immeuble commercial en PPE situ\u00e9 dans le quartier industriel de Carouge \u00e0 proximit\u00e9 imm\u00e9diate avec l'axe autoroutier, proche du Centre commercial de La Praille et de la place du Rondeau de Carouge."}

Les Régisseurs Associés SA

Plusieurs dépots au 4ème sous-sol situés dans la zone industrielle de Carouge | Les Régisseurs Associés SA

<blockquote class="wp-embedded-content" data-secret="DNTTFqZeaW"><a href="https://www.regisseurs.ch/en/property/location-commerce-carouge-3344/">Plusieurs dépots au 4ème sous-sol situés dans la zone industrielle de Carouge</a></blockquote><iframe sandbox="allow-scripts" security="restricted" src="https://www.regisseurs.ch/en/property/location-commerce-carouge-3344/embed/#?secret=DNTTFqZeaW" width="600" height="338" title="&#8220;Plusieurs dépots au 4ème sous-sol situés dans la zone industrielle de Carouge&#8221; &#8212; Les Régisseurs Associés SA" data-secret="DNTTFqZeaW" frameborder="0" marginwidth="0" marginheight="0" scrolling="no" class="wp-embedded-content"></iframe><script type="text/javascript">
/* <![CDATA[ */
/*! This file is auto-generated */
!function(d,l){"use strict";l.querySelector&&d.addEventListener&&"undefined"!=typeof URL&&(d.wp=d.wp||{},d.wp.receiveEmbedMessage||(d.wp.receiveEmbedMessage=function(e){var t=e.data;if((t||t.secret||t.message||t.value)&&!/[^a-zA-Z0-9]/.test(t.secret)){for(var s,r,n,a=l.querySelectorAll('iframe[data-secret="'+t.secret+'"]'),o=l.querySelectorAll('blockquote[data-secret="'+t.secret+'"]'),c=new RegExp("^https?:$","i"),i=0;i<o.length;i++)o[i].style.display="none";for(i=0;i<a.length;i++)s=a[i],e.source===s.contentWindow&&(s.removeAttribute("style"),"height"===t.message?(1e3<(r=parseInt(t.value,10))?r=1e3:~~r<200&&(r=200),s.height=r):"link"===t.message&&(r=new URL(s.getAttribute("src")),n=new URL(t.value),c.test(n.protocol))&&n.host===r.host&&l.activeElement===s&&(d.top.location.href=t.value))}},d.addEventListener("message",d.wp.receiveEmbedMessage,!1),l.addEventListener("DOMContentLoaded",function(){for(var e,t,s=l.querySelectorAll("iframe.wp-embedded-content"),r=0;r<s.length;r++)(t=(e=s[r]).getAttribute("data-secret"))||(t=Math.random().toString(36).substring(2,12),e.src+="#?secret="+t,e.setAttribute("data-secret",t)),e.contentWindow.postMessage({message:"ready",secret:t},"*")},!1)))}(window,document);
//# sourceURL=https://www.regisseurs.ch/wp-includes/js/wp-embed.min.js
/* ]]> */
</script>

Immeuble commercial en PPE situé dans le quartier industriel de Carouge à proximité immédiate avec l'axe autoroutier, proche du Centre commercial de La Praille et de la place du Rondeau de Carouge.
